f 729326?
False
Does 42 divide 1978578?
True
Is 1551166 a multiple of 23?
True
Is 16 a factor of 724023?
False
Is 9125880 a multiple of 249?
False
Is 11 a factor of 259303?
True
Is 329776 a multiple of 13?
False
Does 7 divide 2236157?
True
Is 10179623 a multiple of 360?
False
Does 16 divide 31596?
False
Is 21956 a multiple of 44?
True
Does 69 divide 113229?
True
Does 71 divide 1647403?
False
Is 10229574 a multiple of 403?
False
Is 632631 a multiple of 330?
False
Is 84119 a multiple of 50?
False
Is 319 a factor of 1365320?
True
Does 100 divide 308800?
True
Is 23 a factor of 17428?
False
Does 15 divide 9780?
True
Is 89 a factor of 1935038?
True
Does 28 divide 66884?
False
Does 41 divide 3920332?
False
Does 3 divide 377946?
True
Is 612 a factor of 1521432?
True
Does 34 divide 84184?
True
Is 220 a factor of 35121?
False
Does 666 divide 4075399?
False
Does 280 divide 5563320?
True
Is 1634366 a multiple of 17?
False
Does 472 divide 399312?
True
Is 2911524 a multiple of 959?
True
Does 30 divide 265650?
True
Does 51 divide 2614971?
False
Is 13 a factor of 1663688?
True
Is 779 a factor of 374699?
True
Is 20 a factor of 135293?
False
Is 863925 a multiple of 75?
True
Is 10 a factor of 231500?
True
Is 113512 a multiple of 19?
False
Does 268 divide 1937122?
False
Is 371340 a multiple of 20?
True
Is 3669679 a multiple of 19?
True
Does 166 divide 462144?
True
Is 198 a factor of 5010182?
False
Is 88 a factor of 368016?
True
Is 1282527 a multiple of 9?
True
Is 3 a factor of 231107?
False
Is 542088 a multiple of 302?
False
Is 108989 a multiple of 307?
False
Does 58 divide 2277312?
True
Does 6 divide 96210?
True
Is 528 a factor of 3091968?
True
Does 9 divide 870354?
True
Does 4 divide 44380?
True
Is 1976228 a multiple of 31?
False
Does 186 divide 435054?
True
Is 10748189 a multiple of 47?
False
Is 191 a factor of 1146955?
True
Does 15 divide 5840910?
True
Is 3 a factor of 304659?
True
Does 304 divide 515061?
False
Is 21 a factor of 1397841?
False
Is 72 a factor of 681120?
True
Is 17451736 a multiple of 232?
True
Is 13 a factor of 793508?
False
Is 28 a factor of 397376?
True
Is 10 a factor of 283318?
False
Does 928 divide 960480?
True
Is 27678 a multiple of 14?
True
Is 174 a factor of 1468386?
True
Is 1352112 a multiple of 415?
False
Does 260 divide 8301098?
False
Does 2 divide 135506?
True
Is 468506 a multiple of 1082?
True
Is 758781 a multiple of 537?
True
Does 51 divide 62249?
False
Is 252 a factor of 2222892?
True
Is 13 a factor of 159731?
True
Is 9326 a multiple of 161?
False
Is 3 a factor of 537775?
False
Is 332 a factor of 1259464?
False
Does 552 divide 260401?
False
Does 20 divide 775820?
True
Is 24 a factor of 17402765?
False
Is 395 a factor of 389708?
False
Does 19 divide 2277397?
True
Is 4 a factor of 2397?
False
Does 6 divide 53274?
True
Does 27 divide 128628?
True
Does 17 divide 1781469?
False
Is 68 a factor of 14144?
True
Is 1817864 a multiple of 133?
False
Is 426 a factor of 985068?
False
Is 13555 a multiple of 428?
False
Does 42 divide 1894180?
False
Is 9088981 a multiple of 16?
False
Is 6544990 a multiple of 1679?
False
Is 2331420 a multiple of 273?
True
Does 65 divide 54719?
False
Does 75 divide 95325?
True
Is 12 a factor of 2731024?
False
Does 462 divide 4173727?
False
Does 25 divide 3525?
True
Is 22596038 a multiple of 33?
False
Does 63 divide 11248411?
False
Does 320 divide 7497643?
False
Is 6 a factor of 337469?
False
Does 495 divide 7318673?
False
Does 22 divide 2121968?
False
Is 117855 a multiple of 7?
False
Is 30900 a multiple of 2?
True
Does 127 divide 1867137?
False
Does 10 divide 28680?
True
Does 4 divide 458112?
True
Is 53 a factor of 2415400?
False
Does 450 divide 688486?
False
Is 3498404 a multiple of 1274?
True
Does 178 divide 10858?
True
Is 18 a factor of 6669958?
False
Does 144 divide 1082673?
False
Does 81 divide 108339?
False
Does 4 divide 19283?
False
Is 39424 a multiple of 11?
True
Is 625617 a multiple of 650?
False
Is 368446 a multiple of 14?
False
Does 27 divide 4737544?
False
Does 12 divide 511812?
True
Is 4137718 a multiple of 311?
False
Does 67 divide 325010?
False
Is 9270407 a multiple of 11?
False
Does 70 divide 6262?
False
Is 261656 a multiple of 462?
False
Does 18 divide 160632?
True
Does 5 divide 10737962?
False
Is 5 a factor of 19875?
True
Is 2847698 a multiple of 344?
False
Is 507 a factor of 1352676?
True
Does 160 divide 42560?
True
Is 2648536 a multiple of 65?
False
Does 58 divide 5988371?
False
Is 4710330 a multiple of 45?
True
Is 49180 a multiple of 28?
False
Does 49 divide 720289?
False
Does 79 divide 25433?
False
Is 10243829 a multiple of 15?
False
Is 63648 a multiple of 32?
True
Is 38 a factor of 23994?
False
Does 26 divide 7488257?
False
Is 160 a factor of 213010?
False
Is 1544107 a multiple of 15?
False
Is 10 a factor of 84890?
True
Does 5 divide 42260?
True
Is 147 a factor of 137195?
False
Is 143 a factor of 1600211?
False
Does 193 divide 427881?
True
Is 304810 a multiple of 326?
True
Is 429 a factor of 2238093?
True
Is 115 a factor of 22770?
True
Is 1601355 a multiple of 18?
False
Does 269 divide 44022?
False
Is 33360 a multiple of 80?
True
Is 57 a factor of 3223757?
False
Is 455 a factor of 605360?
False
Is 163 a factor of 1421686?
True
Is 15 a factor of 167245?
False
Is 82368 a multiple of 12?
True
Is 11114670 a multiple of 210?
True
Is 2107277 a multiple of 499?
True
Is 13 a factor of 1952521?
False
Is 198 a factor of 294830?
False
Is 6156 a multiple of 57?
True
Does 113 divide 1253283?
True
Does 3 divide 135724?
False
Is 25 a factor of 179135?
False
Does 4 divide 3684828?
True
Is 78 a factor of 2448062?
False
Does 125 divide 413875?
True
Does 8 divide 129898?
False
Is 1707629 a multiple of 77?
True
Does 258 divide 58191?
False
Is 23 a factor of 1808306?
True
Is 6 a factor of 79625?
False
Does 3 divide 550946?
False
Is 216292 a multiple of 49?
False
Is 118596 a multiple of 12?
True
Is 25 a factor of 183633?
False
Is 30 a factor of 1245042?
False
Does 18 divide 176922?
True
Does 2826 divide 8691153?
False
Is 150169 a multiple of 15?
False
Does 74 divide 649507?
False
Is 2 a factor of 1591083?
False
Is 78876 a multiple of 9?
True
Is 313250 a multiple of 14?
True
Does 19 divide 881815?
False
Is 1046496 a multiple of 160?
False
Is 1553 a multiple of 79?
False
Does 591 divide 4522923?
True
Does 256 divide 22247?
False
Does 28 divide 391002?
False
Does 17 divide 16347761?
True
Does 74 divide 7679942?
True
Does 6 divide 57072?
True
Is 53 a factor of 1111903?
False
Is 650 a factor of 1997579?
False
Does 83 divide 357944?
False
Is 1922769 a multiple of 9?
True
Is 52 a factor of 1106464?
False
Is 4802283 a multiple of 43?
True
Is 57984 a multiple of 384?
True
Does 10 divide 3704889?
False
Is 6860606 a multiple of 43?
False
Does 58 divide 846257?
False
Is 39 a factor of 285315?
False
Is 4 a factor of 547752?
True
Does 145 divide 7761415?
True
Does 444 divide 5173932?
True
Does 57 divide 20292?
True
Is 2591989 a multiple of 47?
False
Does 62 divide 12451690?
False
Is 175140 a multiple of 28?
True
Does 96 divide 7968?
True
Is 132756 a multiple of 851?
True
Is 80664 a multiple of 666?
False
Is 38214428 a multiple of 28?
True
Does 204 divide 4713568?
False
Is 7 a factor of 574532?
True
Is 374 a factor of 4354462?
False
Does 111 divide 22755?
True
Is 60 a factor of 11150520?
True
Is 95 a factor of 8085260?
True
Does 17 divide 453097?
False
Does 26 divide 2166190?
True
Is 130960 a multiple of 16?
True
Is 289 a factor of 1371928?
False
Is 631499 a multiple of 187?
True
Is 46 a factor of 181508?
False
Is 4953164 a multiple of 37?
False
Is 20 a factor of 268487?
False
Is 208900 a multiple of 11?
False
Does 86 divide 5470116?
True
Is 271734 a multiple of 6?
True
Is 726 a factor of 2078538?
True
Is 50149 a multiple of 47?
True
Is 452589 a multiple of 177?
True
Is 12 a factor of 395065?
False
Does 1022 divide 6760530?
True
Is 551300 a multiple of 596?
True
Does 40 divide 5684230?
False
Is 20 a factor of 28861?
False
Is 1741 a multiple of 427?
False
Does 70 divide 140140?
True
Is 339 a factor of 45050?
False
Is 2 a factor of 21052?
True
Does 166 divide 2831730?
False
Does 14 divide 8273642?
False
Does 290 divide 117160?
True
Is 160 a factor of 425600?
True
Does 83 divide 8023001?
False
Is 7 a factor of 146988?
False
Is